{"id":2,"date":"2023-02-22T03:00:27","date_gmt":"2023-02-22T03:00:27","guid":{"rendered":"http:\/\/grupsol.com\/?page_id=2"},"modified":"2024-01-30T00:55:24","modified_gmt":"2024-01-30T05:55:24","slug":"inicio-02","status":"publish","type":"page","link":"https:\/\/grupsol.com\/?page_id=2","title":{"rendered":"Inicio-02"},"content":{"rendered":"\n<div class=\"wp-block-cover alignfull is-position-center-center\" style=\"min-height:750px;aspect-ratio:unset;\"><span aria-hidden=\"true\" class=\"wp-block-cover__background has-background-dim wp-block-cover__gradient-background has-background-gradient\" style=\"background:linear-gradient(90deg,rgb(0,0,142) 0%,rgb(16,49,110) 97%)\"><\/span><img loading=\"lazy\" decoding=\"async\" width=\"1270\" height=\"644\" class=\"wp-block-cover__image-background wp-image-149\" alt=\"\" src=\"https:\/\/grupsol.com\/wp-content\/uploads\/2023\/09\/baner09.jpg\" data-object-fit=\"cover\" srcset=\"https:\/\/grupsol.com\/wp-content\/uploads\/2023\/09\/baner09.jpg 1270w, https:\/\/grupsol.com\/wp-content\/uploads\/2023\/09\/baner09-300x152.jpg 300w, https:\/\/grupsol.com\/wp-content\/uploads\/2023\/09\/baner09-768x389.jpg 768w, https:\/\/grupsol.com\/wp-content\/uploads\/2023\/09\/baner09-1024x519.jpg 1024w\" sizes=\"auto, (max-width: 1270px) 100vw, 1270px\" \/><div class=\"wp-block-cover__inner-container is-layout-flow wp-block-cover-is-layout-flow\">\n<h4 class=\"wp-block-heading has-text-align-center has-text-color\" style=\"color:#d7d7d7\">Estrategia, Trasformaci\u00f3n Digital y Comercio<\/h4>\n\n\n\n<h1 class=\"wp-block-heading has-text-align-center has-text-color\" style=\"color:#ffffff\">Comercio de Servicios y Productos en Plataformas Digitales<\/h1>\n\n\n\n<p class=\"has-text-align-center has-text-color\" style=\"color:#d7d7d7\">Sin importar el sector, la transformaci\u00f3n digital es imprescindible para mantener las empresas competitivas en la era post pandemia.   <\/p>\n\n\n\n<div class=\"wp-block-buttons is-horizontal is-content-justification-center is-layout-flex wp-container-core-buttons-is-layout-03627597 wp-block-buttons-is-layout-flex\">\n<div class=\"wp-block-button\"><a class=\"wp-block-button__link wp-element-button\">Mas Informaci\u00f3n<\/a><\/div>\n<\/div>\n<\/div><\/div>\n\n\n\n<div class=\"wp-block-uagb-container uagb-block-3937c4c0 alignfull uagb-is-root-container\"><div class=\"uagb-container-inner-blocks-wrap\">\n<div class=\"wp-block-uagb-container uagb-block-029e7dbc\">\n<div class=\"wp-block-uagb-info-box uagb-block-51d5bc21 uagb-infobox__content-wrap  uagb-infobox-icon-above-title uagb-infobox-image-valign-top\"><div class=\"uagb-ifb-content\"><div class=\"uagb-ifb-title-wrap\"><h2 class=\"uagb-ifb-title\">El Comercio electr\u00f3nico \u00abecommerce\u00bb es parte fundamental de la estrategia corporativa para maximizar los ingresos <\/h2><\/div><p class=\"uagb-ifb-desc\">La estrategia digital debe contemplar, trasformaci\u00f3n y digitalizaci\u00f3n de procesos corporativos, implementaci\u00f3n de plataformas fortalezcan el trabajo colaborativo, marketing digital, plataforma ecommerce, y una robusta gesti\u00f3n de clientes. <\/p><\/div><\/div>\n<\/div>\n\n\n\n<div class=\"wp-block-uagb-container uagb-block-261c3d25\">\n<div class=\"wp-block-uagb-container uagb-block-6997bc57\">\n<div class=\"wp-block-uagb-info-box uagb-block-f1a534a7 uagb-infobox__content-wrap  uagb-infobox-icon-above-title uagb-infobox-image-valign-top\"><div class=\"uagb-ifb-content\"><div class=\"uagb-ifb-image-content\"><img decoding=\"async\" src=\"https:\/\/grupsol.com\/wp-content\/uploads\/2023\/09\/service-thumb-1.jpg\" alt=\"\" width=\"150\" height=\"150\" loading=\"lazy\"\/><\/div><div class=\"uagb-ifb-title-wrap\"><h4 class=\"uagb-ifb-title\"><strong>An\u00e1lisis del estado actual<\/strong><\/h4><\/div><p class=\"uagb-ifb-desc\">An\u00e1lisis de estado o nivel de digitalizaci\u00f3n<\/p><\/div><\/div>\n<\/div>\n\n\n\n<div class=\"wp-block-uagb-container uagb-block-81c0acb9\">\n<div class=\"wp-block-uagb-info-box uagb-block-2defaa77 uagb-infobox__content-wrap  uagb-infobox-icon-above-title uagb-infobox-image-valign-top\"><div class=\"uagb-ifb-content\"><div class=\"uagb-ifb-image-content\"><img decoding=\"async\" src=\"https:\/\/grupsol.com\/wp-content\/uploads\/2023\/09\/service-thumb-3.jpg\" alt=\"\" width=\"150\" height=\"150\" loading=\"lazy\"\/><\/div><div class=\"uagb-ifb-title-wrap\"><h4 class=\"uagb-ifb-title\"><strong>Planteamiento de estrategia<\/strong><\/h4><\/div><p class=\"uagb-ifb-desc\">Estrategia y fases para transformaci\u00f3n digital de procesos<\/p><\/div><\/div>\n<\/div>\n\n\n\n<div class=\"wp-block-uagb-container uagb-block-b39abe65\">\n<div class=\"wp-block-uagb-info-box uagb-block-f5b049d6 uagb-infobox__content-wrap  uagb-infobox-icon-above-title uagb-infobox-image-valign-top\"><div class=\"uagb-ifb-content\"><div class=\"uagb-ifb-image-content\"><img decoding=\"async\" src=\"https:\/\/grupsol.com\/wp-content\/uploads\/2023\/09\/service-thumb-2.jpg\" alt=\"\" width=\"150\" height=\"150\" loading=\"lazy\"\/><\/div><div class=\"uagb-ifb-title-wrap\"><h4 class=\"uagb-ifb-title\"><strong>Implementaci\u00f3n de Ecommerce<\/strong><\/h4><\/div><p class=\"uagb-ifb-desc\">Implementaci\u00f3n del ecommerce, cadena de distribuci\u00f3n, y gesti\u00f3n de clientes<\/p><\/div><\/div>\n<\/div>\n<\/div>\n<\/div><\/div>\n\n\n\n<div class=\"wp-block-group alignfull has-background is-layout-constrained wp-block-group-is-layout-constrained\" style=\"background:linear-gradient(135deg,rgb(0,0,116) 0%,rgb(0,45,123) 100%)\">\n<div class=\"wp-block-media-text alignwide has-media-on-the-right is-stacked-on-mobile is-vertically-aligned-center\" style=\"grid-template-columns:auto 47%\"><div class=\"wp-block-media-text__content\">\n<h2 class=\"wp-block-heading has-text-color\" style=\"color:#ffffff\">Los principales procesos a tener en cuenta en tu estrategia de venta digital<\/h2>\n\n\n\n<p class=\"has-text-color\" style=\"color:#d7d7d7\">Portal Ecommerce, Gesti\u00f3n de pagos, Gesti\u00f3n log\u00edstica, Gesti\u00f3n postventa<\/p>\n<\/div><figure class=\"wp-block-media-text__media\"><img loading=\"lazy\" decoding=\"async\" width=\"550\" height=\"310\" src=\"https:\/\/grupsol.com\/wp-content\/uploads\/2023\/09\/GS-01-.png\" alt=\"\" class=\"wp-image-136 size-full\" srcset=\"https:\/\/grupsol.com\/wp-content\/uploads\/2023\/09\/GS-01-.png 550w, https:\/\/grupsol.com\/wp-content\/uploads\/2023\/09\/GS-01--300x169.png 300w\" sizes=\"auto, (max-width: 550px) 100vw, 550px\" \/><\/figure><\/div>\n<\/div>\n\n\n\n<div class=\"inherit-container-width wp-block-group alignfull has-background is-layout-constrained wp-block-group-is-layout-constrained\" style=\"background:linear-gradient(135deg,rgb(0,0,107) 0%,rgb(0,51,139) 100%)\">\n<div class=\"wp-block-media-text alignwide is-stacked-on-mobile is-vertically-aligned-center\" style=\"grid-template-columns:47% auto\"><figure class=\"wp-block-media-text__media\"><img loading=\"lazy\" decoding=\"async\" width=\"550\" height=\"310\" src=\"https:\/\/grupsol.com\/wp-content\/uploads\/2023\/09\/GS-02-.png\" alt=\"\" class=\"wp-image-132 size-full\" srcset=\"https:\/\/grupsol.com\/wp-content\/uploads\/2023\/09\/GS-02-.png 550w, https:\/\/grupsol.com\/wp-content\/uploads\/2023\/09\/GS-02--300x169.png 300w\" sizes=\"auto, (max-width: 550px) 100vw, 550px\" \/><\/figure><div class=\"wp-block-media-text__content\">\n<h2 class=\"wp-block-heading has-text-color\" style=\"color:#ffffff\">Principales tipos de comercio electr\u00f3nico<\/h2>\n\n\n\n<p class=\"has-text-color\" style=\"color:#d7d7d7\">Business-to-Business (B2B), Business to Consumer (B2C), Business to Employee (B2E), Consumer to Business (C2B), Consumer to Consumer (C2C), Government to Consumer (G2C)<\/p>\n<\/div><\/div>\n<\/div>\n\n\n\n<div class=\"wp-block-uagb-container uagb-block-c1fa04b0 alignfull uagb-is-root-container\"><div class=\"uagb-container-inner-blocks-wrap\">\n<div class=\"wp-block-uagb-advanced-heading uagb-block-adaca492\"><h2 class=\"uagb-heading-text\">Clientes<\/h2><\/div>\n\n\n\n<div class=\"wp-block-uagb-container uagb-block-2de7ae72 alignfull uagb-is-root-container\"><div class=\"uagb-container-inner-blocks-wrap\">\n<div class=\"wp-block-uagb-container uagb-block-af5a9e4a\">\n<div class=\"wp-block-uagb-image uagb-block-1a52bfc4 wp-block-uagb-image--layout-default wp-block-uagb-image--effect-static wp-block-uagb-image--align-none\"><figure class=\"wp-block-uagb-image__figure\"><img decoding=\"async\" srcset=\"https:\/\/grupsol.com\/wp-content\/uploads\/2023\/09\/logo-8.png , https:\/\/grupsol.com\/wp-content\/uploads\/2023\/09\/logo-8.png 360w\" sizes=\"auto, (max-width: 480px) 150px\" src=\"https:\/\/grupsol.com\/wp-content\/uploads\/2023\/09\/logo-8.png\" alt=\"\" class=\"uag-image-64036\" width=\"333\" height=\"187\" title=\"\" loading=\"lazy\"\/><\/figure><\/div>\n<\/div>\n\n\n\n<div class=\"wp-block-uagb-container uagb-block-eab8c317\">\n<div class=\"wp-block-uagb-image uagb-block-c50ffe03 wp-block-uagb-image--layout-default wp-block-uagb-image--effect-static wp-block-uagb-image--align-none\"><figure class=\"wp-block-uagb-image__figure\"><img decoding=\"async\" srcset=\"https:\/\/grupsol.com\/wp-content\/uploads\/2023\/09\/logo-7.png ,https:\/\/grupsol.com\/wp-content\/uploads\/2023\/09\/logo-7.png 780w, https:\/\/grupsol.com\/wp-content\/uploads\/2023\/09\/logo-7.png 360w\" sizes=\"auto, (max-width: 480px) 150px\" src=\"https:\/\/grupsol.com\/wp-content\/uploads\/2023\/09\/logo-7.png\" alt=\"\" class=\"uag-image-64038\" width=\"333\" height=\"187\" title=\"\" loading=\"lazy\"\/><\/figure><\/div>\n<\/div>\n\n\n\n<div class=\"wp-block-uagb-container uagb-block-28fa725c\">\n<div class=\"wp-block-uagb-image uagb-block-4b2c590a wp-block-uagb-image--layout-default wp-block-uagb-image--effect-static wp-block-uagb-image--align-none\"><figure class=\"wp-block-uagb-image__figure\"><img decoding=\"async\" srcset=\"https:\/\/grupsol.com\/wp-content\/uploads\/2023\/09\/logo-6.png ,https:\/\/grupsol.com\/wp-content\/uploads\/2023\/09\/logo-6.png 780w, https:\/\/grupsol.com\/wp-content\/uploads\/2023\/09\/logo-6.png 360w\" sizes=\"auto, (max-width: 480px) 150px\" src=\"https:\/\/grupsol.com\/wp-content\/uploads\/2023\/09\/logo-6.png\" alt=\"\" class=\"uag-image-64040\" width=\"333\" height=\"187\" title=\"\" loading=\"lazy\"\/><\/figure><\/div>\n<\/div>\n\n\n\n<div class=\"wp-block-uagb-container uagb-block-9d0d43ff\">\n<div class=\"wp-block-uagb-image uagb-block-af90f7cd wp-block-uagb-image--layout-default wp-block-uagb-image--effect-static wp-block-uagb-image--align-none\"><figure class=\"wp-block-uagb-image__figure\"><img decoding=\"async\" srcset=\"https:\/\/grupsol.com\/wp-content\/uploads\/2023\/09\/logo-5-1.png ,https:\/\/grupsol.com\/wp-content\/uploads\/2023\/09\/logo-5-1.png 780w, https:\/\/grupsol.com\/wp-content\/uploads\/2023\/09\/logo-5-1.png 360w\" sizes=\"auto, (max-width: 480px) 150px\" src=\"https:\/\/grupsol.com\/wp-content\/uploads\/2023\/09\/logo-5-1.png\" alt=\"\" class=\"uag-image-64041\" width=\"333\" height=\"187\" title=\"\" loading=\"lazy\"\/><\/figure><\/div>\n<\/div>\n\n\n\n<div class=\"wp-block-uagb-container uagb-block-d8da0ac5\">\n<div class=\"wp-block-uagb-image uagb-block-9b5ecb32 wp-block-uagb-image--layout-default wp-block-uagb-image--effect-static wp-block-uagb-image--align-none\"><figure class=\"wp-block-uagb-image__figure\"><img decoding=\"async\" srcset=\"https:\/\/grupsol.com\/wp-content\/uploads\/2023\/09\/logo-3-1.png ,https:\/\/grupsol.com\/wp-content\/uploads\/2023\/09\/logo-3-1.png 780w, https:\/\/grupsol.com\/wp-content\/uploads\/2023\/09\/logo-3-1.png 360w\" sizes=\"auto, (max-width: 480px) 150px\" src=\"https:\/\/grupsol.com\/wp-content\/uploads\/2023\/09\/logo-3-1.png\" alt=\"\" class=\"uag-image-64042\" width=\"333\" height=\"187\" title=\"\" loading=\"lazy\"\/><\/figure><\/div>\n<\/div>\n\n\n\n<div class=\"wp-block-uagb-container uagb-block-28248c8c\">\n<div class=\"wp-block-uagb-image uagb-block-5320a6b6 wp-block-uagb-image--layout-default wp-block-uagb-image--effect-static wp-block-uagb-image--align-none\"><figure class=\"wp-block-uagb-image__figure\"><img decoding=\"async\" srcset=\"https:\/\/grupsol.com\/wp-content\/uploads\/2023\/09\/logo-2-1.png ,https:\/\/grupsol.com\/wp-content\/uploads\/2023\/09\/logo-2-1.png 780w, https:\/\/grupsol.com\/wp-content\/uploads\/2023\/09\/logo-2-1.png 360w\" sizes=\"auto, (max-width: 480px) 150px\" src=\"https:\/\/grupsol.com\/wp-content\/uploads\/2023\/09\/logo-2-1.png\" alt=\"\" class=\"uag-image-64043\" width=\"333\" height=\"187\" title=\"\" loading=\"lazy\"\/><\/figure><\/div>\n<\/div>\n<\/div><\/div>\n<\/div><\/div>\n\n\n\n<div class=\"wp-block-group alignfull has-background is-layout-flow wp-block-group-is-layout-flow\" style=\"background:linear-gradient(135deg,rgb(0,0,99) 0%,rgb(0,72,197) 100%)\">\n<div class=\"wp-block-columns alignwide are-vertically-aligned-bottom is-layout-flex wp-container-core-columns-is-layout-28f84493 wp-block-columns-is-layout-flex\">\n<div class=\"wp-block-column is-vertically-aligned-bottom is-layout-flow wp-block-column-is-layout-flow\">\n<h1 class=\"wp-block-heading has-text-color\" style=\"color:#ffffff\">Caracter\u00edstica de nuestro trabajo<\/h1>\n\n\n\n<p class=\"has-text-color\" style=\"color:#d7d7d7\">Con visi\u00f3n digital apoyada en datos y tendencias<\/p>\n<\/div>\n\n\n\n<div class=\"wp-block-column is-vertically-aligned-bottom is-layout-flow wp-block-column-is-layout-flow\"><\/div>\n<\/div>\n\n\n\n<div style=\"height:60px\" aria-hidden=\"true\" class=\"wp-block-spacer\"><\/div>\n\n\n\n<h3 class=\"wp-block-heading has-text-color\" style=\"color:#ffffff\">Caracteristicas<\/h3>\n\n\n\n<div class=\"wp-block-columns are-vertically-aligned-center is-layout-flex wp-container-core-columns-is-layout-28f84493 wp-block-columns-is-layout-flex\">\n<div class=\"wp-block-column is-vertically-aligned-center is-layout-flow wp-block-column-is-layout-flow\">\n<div class=\"wp-block-cover alignfull has-custom-content-position is-position-bottom-left\"><span aria-hidden=\"true\" class=\"wp-block-cover__background has-background-dim\"><\/span><img decoding=\"async\" class=\"wp-block-cover__image-background wp-image-1338\" alt=\"\" src=\"https:\/\/grupsol.com\/wp-content\/uploads\/2023\/09\/newyork.jpg\" data-object-fit=\"cover\"\/><div class=\"wp-block-cover__inner-container is-layout-flow wp-block-cover-is-layout-flow\">\n<div class=\"wp-block-group is-layout-flow wp-block-group-is-layout-flow\">\n<h4 class=\"wp-block-heading has-text-color\" style=\"color:#ffffff\"><strong>Experiencia y Datos<\/strong><\/h4>\n\n\n\n<p class=\"has-text-color\" style=\"color:#d7d7d7\">Toma de decisiones sustentada en experiencias y datos.<\/p>\n<\/div>\n\n\n\n<p><\/p>\n\n\n\n<div class=\"wp-block-group is-layout-flow wp-block-group-is-layout-flow\">\n<hr class=\"wp-block-separator has-css-opacity is-style-wide\"\/>\n\n\n\n<p class=\"has-white-color has-text-color\"><\/p>\n<\/div>\n<\/div><\/div>\n<\/div>\n\n\n\n<div class=\"wp-block-column is-vertically-aligned-center is-layout-flow wp-block-column-is-layout-flow\">\n<div class=\"wp-block-cover alignfull has-custom-content-position is-position-bottom-left\"><span aria-hidden=\"true\" class=\"wp-block-cover__background has-background-dim\"><\/span><img decoding=\"async\" class=\"wp-block-cover__image-background wp-image-1336\" alt=\"\" src=\"https:\/\/grupsol.com\/wp-content\/uploads\/2023\/09\/dubai.jpg\" data-object-fit=\"cover\"\/><div class=\"wp-block-cover__inner-container is-layout-flow wp-block-cover-is-layout-flow\">\n<div class=\"wp-block-group is-layout-flow wp-block-group-is-layout-flow\">\n<h4 class=\"wp-block-heading has-text-color\" style=\"color:#ffffff\"><strong>Liderazgo IT<\/strong><\/h4>\n\n\n\n<p class=\"has-text-color\" style=\"color:#d7d7d7\">Lideramos los temas relacionados con las tecnolog\u00edas de informaci\u00f3n y su estrategia.  <\/p>\n\n\n\n<hr class=\"wp-block-separator has-css-opacity is-style-wide\"\/>\n\n\n\n<p class=\"has-white-color has-text-color\"><\/p>\n<\/div>\n<\/div><\/div>\n<\/div>\n\n\n\n<div class=\"wp-block-column is-vertically-aligned-center is-layout-flow wp-block-column-is-layout-flow\">\n<div class=\"wp-block-cover alignfull is-light has-custom-content-position is-position-bottom-left\"><span aria-hidden=\"true\" class=\"wp-block-cover__background has-background-dim\"><\/span><img decoding=\"async\" class=\"wp-block-cover__image-background wp-image-1339\" alt=\"\" src=\"https:\/\/grupsol.com\/wp-content\/uploads\/2023\/09\/sydney.jpg\" data-object-fit=\"cover\"\/><div class=\"wp-block-cover__inner-container is-layout-flow wp-block-cover-is-layout-flow\">\n<div class=\"wp-block-group is-layout-flow wp-block-group-is-layout-flow\">\n<h4 class=\"wp-block-heading has-text-color\" style=\"color:#ffffff\"><strong>Estrategia<\/strong><\/h4>\n\n\n\n<p class=\"has-text-color\" style=\"color:#d7d7d7\">Seg\u00fan los productos y servicios ofrecidos buscamos la mejor estrategia, que permita el crecimiento corporativo.<\/p>\n\n\n\n<hr class=\"wp-block-separator has-css-opacity is-style-wide\"\/>\n\n\n\n<p class=\"has-white-color has-text-color\"><\/p>\n<\/div>\n<\/div><\/div>\n<\/div>\n\n\n\n<div class=\"wp-block-column is-vertically-aligned-center is-layout-flow wp-block-column-is-layout-flow\">\n<div class=\"wp-block-cover alignfull has-custom-content-position is-position-bottom-left\"><span aria-hidden=\"true\" class=\"wp-block-cover__background has-background-dim\"><\/span><img decoding=\"async\" class=\"wp-block-cover__image-background wp-image-1337\" alt=\"\" src=\"https:\/\/grupsol.com\/wp-content\/uploads\/2023\/09\/london.jpg\" data-object-fit=\"cover\"\/><div class=\"wp-block-cover__inner-container is-layout-flow wp-block-cover-is-layout-flow\">\n<div class=\"wp-block-group is-layout-flow wp-block-group-is-layout-flow\">\n<h4 class=\"wp-block-heading has-text-color\" style=\"color:#ffffff\"><strong>Cliente<\/strong><\/h4>\n\n\n\n<p class=\"has-text-color\" style=\"color:#d7d7d7\">Centrados en el cliente, para gesti\u00f3n de sus necesidades, requerimientos y problem\u00e1ticas.<\/p>\n\n\n\n<hr class=\"wp-block-separator has-css-opacity is-style-wide\"\/>\n\n\n\n<p class=\"has-white-color has-text-color\"><\/p>\n<\/div>\n<\/div><\/div>\n<\/div>\n<\/div>\n<\/div>\n\n\n\n<div class=\"wp-block-group alignfull has-ast-global-color-5-color has-white-background-color has-text-color has-background is-layout-flow wp-block-group-is-layout-flow\">\n<div class=\"wp-block-columns alignwide are-vertically-aligned-bottom is-layout-flex wp-container-core-columns-is-layout-28f84493 wp-block-columns-is-layout-flex\">\n<div class=\"wp-block-column is-vertically-aligned-bottom is-layout-flow wp-block-column-is-layout-flow\">\n<h2 class=\"wp-block-heading has-black-color has-text-color\">Contacto<\/h2>\n\n\n\n<p class=\"has-ast-global-color-2-color has-text-color\">Ubicados en Bogot\u00e1, Colombia.<\/p>\n\n\n\n<h4 class=\"wp-block-heading has-black-color has-text-color\">Bogot\u00e1<\/h4>\n\n\n\n<p class=\"has-black-color has-text-color\">Ubicados en Bogot\u00e1, y con atenci\u00f3n a clientes por medio de video conferencias o programaci\u00f3n de cita previa.<br>administracion@grupsol.com<br><\/p>\n\n\n\n<figure class=\"wp-block-image size-full is-resized\"><img loading=\"lazy\" decoding=\"async\" src=\"https:\/\/grupsol.com\/wp-content\/uploads\/2023\/09\/Bog.png\" alt=\"\" class=\"wp-image-103\" style=\"width:450px;height:248px\" width=\"450\" height=\"248\"\/><\/figure>\n<\/div>\n\n\n\n<div class=\"wp-block-column is-vertically-aligned-bottom is-layout-flow wp-block-column-is-layout-flow\">\n<h4 class=\"wp-block-heading has-black-color has-white-background-color has-text-color has-background\">Colombia<\/h4>\n\n\n\n<p class=\"has-black-color has-text-color\">Bogot\u00e1, Colombia, tercera ciudad en Am\u00e9rica Latina con el mejor ecosistema para el emprendimiento. <a href=\"https:\/\/startupgenome.com\/article\/latin-america-insights-rankings-and\">Startup Genome<\/a><\/p>\n\n\n\n<figure class=\"wp-block-image size-full is-resized\"><img loading=\"lazy\" decoding=\"async\" src=\"https:\/\/grupsol.com\/wp-content\/uploads\/2023\/09\/Bog2.png\" alt=\"\" class=\"wp-image-106\" style=\"width:450px;height:248px\" width=\"450\" height=\"248\"\/><\/figure>\n<\/div>\n\n\n\n<div class=\"wp-block-column is-vertically-aligned-bottom is-layout-flow wp-block-column-is-layout-flow\">\n<h4 class=\"wp-block-heading has-text-align-center has-black-color has-white-background-color has-text-color has-background\">        Contacto whatsapp<\/h4>\n\n\n\n<div class=\"wp-block-uagb-image aligncenter uagb-block-8192ef1b wp-block-uagb-image--layout-default wp-block-uagb-image--effect-static wp-block-uagb-image--align-center\"><figure class=\"wp-block-uagb-image__figure\"><img decoding=\"async\" srcset=\"https:\/\/grupsol.com\/wp-content\/uploads\/2023\/09\/wap02.png \" sizes=\"auto, (max-width: 480px) 150px\" src=\"https:\/\/grupsol.com\/wp-content\/uploads\/2023\/09\/wap02.png\" alt=\"\" class=\"uag-image-123\" width=\"227\" height=\"120\" title=\"\" loading=\"lazy\"\/><\/figure><\/div>\n<\/div>\n<\/div>\n<\/div>\n","protected":false},"excerpt":{"rendered":"<p>Los principales procesos a tener en cuenta en tu estrategia de venta digital Portal Ecommerce, Gesti\u00f3n de pagos, Gesti\u00f3n log\u00edstica, Gesti\u00f3n postventa Principales tipos de comercio electr\u00f3nico Business-to-Business (B2B), Business to Consumer (B2C), Business to Employee (B2E), Consumer to Business (C2B), Consumer to Consumer (C2C), Government to Consumer (G2C) Clientes Caracter\u00edstica de nuestro trabajo Con [&hellip;]<\/p>\n","protected":false},"author":1,"featured_media":0,"parent":0,"menu_order":0,"comment_status":"closed","ping_status":"closed","template":"","meta":{"_uag_custom_page_level_css":"","site-sidebar-layout":"default","site-content-layout":"","ast-site-content-layout":"default","site-content-style":"default","site-sidebar-style":"default","ast-global-header-display":"","ast-banner-title-visibility":"","ast-main-header-display":"","ast-hfb-above-header-display":"","ast-hfb-below-header-display":"","ast-hfb-mobile-header-display":"","site-post-title":"disabled","ast-breadcrumbs-content":"","ast-featured-img":"","footer-sml-layout":"","ast-disable-related-posts":"","theme-transparent-header-meta":"","adv-header-id-meta":"","stick-header-meta":"","header-above-stick-meta":"","header-main-stick-meta":"","header-below-stick-meta":"","astra-migrate-meta-layouts":"","ast-page-background-enabled":"default","ast-page-background-meta":{"desktop":{"background-color":"var(--ast-global-color-4)","background-image":"","background-repeat":"repeat","background-position":"center center","background-size":"auto","background-attachment":"scroll","background-type":"","background-media":"","overlay-type":"","overlay-color":"","overlay-opacity":"","overlay-gradient":""},"tablet":{"background-color":"","background-image":"","background-repeat":"repeat","background-position":"center center","background-size":"auto","background-attachment":"scroll","background-type":"","background-media":"","overlay-type":"","overlay-color":"","overlay-opacity":"","overlay-gradient":""},"mobile":{"background-color":"","background-image":"","background-repeat":"repeat","background-position":"center center","background-size":"auto","background-attachment":"scroll","background-type":"","background-media":"","overlay-type":"","overlay-color":"","overlay-opacity":"","overlay-gradient":""}},"ast-content-background-meta":{"desktop":{"background-color":"var(--ast-global-color-5)","background-image":"","background-repeat":"repeat","background-position":"center center","background-size":"auto","background-attachment":"scroll","background-type":"","background-media":"","overlay-type":"","overlay-color":"","overlay-opacity":"","overlay-gradient":""},"tablet":{"background-color":"var(--ast-global-color-5)","background-image":"","background-repeat":"repeat","background-position":"center center","background-size":"auto","background-attachment":"scroll","background-type":"","background-media":"","overlay-type":"","overlay-color":"","overlay-opacity":"","overlay-gradient":""},"mobile":{"background-color":"var(--ast-global-color-5)","background-image":"","background-repeat":"repeat","background-position":"center center","background-size":"auto","background-attachment":"scroll","background-type":"","background-media":"","overlay-type":"","overlay-color":"","overlay-opacity":"","overlay-gradient":""}},"footnotes":""},"class_list":["post-2","page","type-page","status-publish","hentry"],"uagb_featured_image_src":{"full":false,"thumbnail":false,"medium":false,"medium_large":false,"large":false,"1536x1536":false,"2048x2048":false},"uagb_author_info":{"display_name":"webmaster","author_link":"https:\/\/grupsol.com\/?author=1"},"uagb_comment_info":0,"uagb_excerpt":"Los principales procesos a tener en cuenta en tu estrategia de venta digital Portal Ecommerce, Gesti\u00f3n de pagos, Gesti\u00f3n log\u00edstica, Gesti\u00f3n postventa Principales tipos de comercio electr\u00f3nico Business-to-Business (B2B), Business to Consumer (B2C), Business to Employee (B2E), Consumer to Business (C2B), Consumer to Consumer (C2C), Government to Consumer (G2C) Clientes Caracter\u00edstica de nuestro trabajo Con&hellip;","_links":{"self":[{"href":"https:\/\/grupsol.com\/index.php?rest_route=\/wp\/v2\/pages\/2","targetHints":{"allow":["GET"]}}],"collection":[{"href":"https:\/\/grupsol.com\/index.php?rest_route=\/wp\/v2\/pages"}],"about":[{"href":"https:\/\/grupsol.com\/index.php?rest_route=\/wp\/v2\/types\/page"}],"author":[{"embeddable":true,"href":"https:\/\/grupsol.com\/index.php?rest_route=\/wp\/v2\/users\/1"}],"replies":[{"embeddable":true,"href":"https:\/\/grupsol.com\/index.php?rest_route=%2Fwp%2Fv2%2Fcomments&post=2"}],"version-history":[{"count":70,"href":"https:\/\/grupsol.com\/index.php?rest_route=\/wp\/v2\/pages\/2\/revisions"}],"predecessor-version":[{"id":190,"href":"https:\/\/grupsol.com\/index.php?rest_route=\/wp\/v2\/pages\/2\/revisions\/190"}],"wp:attachment":[{"href":"https:\/\/grupsol.com\/index.php?rest_route=%2Fwp%2Fv2%2Fmedia&parent=2"}],"curies":[{"name":"wp","href":"https:\/\/api.w.org\/{rel}","templated":true}]}}